In base 6, what is -1 + 102410?
102405
In base 7, what is -1 - 4056314?
-4056315
In base 5, what is -1010324214 - 0?
-1010324214
In base 15, what is 1e9 - 2e2?
-e8
In base 8, what is -11325 - -4?
-11321
In base 10, what is 9358 + -74?
9284
In base 6, what is -14121 - -11?
-14110
In base 3, what is 1212202022 + -12?
1212202010
In base 14, what is dac + -1?
dab
In base 7, what is -50 + 11363?
11313
In base 12, what is -2a2a1 - -4?
-2a299
In base 10, what is -33457 + -3?
-33460
In base 8, what is 27 + -4641?
-4612
In base 5, what is 4 + 3443420?
3443424
In base 7, what is 5 - -246433?
246441
In base 12, what is 170 + -481?
-311
In base 4, what is -2 + 1021033003?
1021033001
In base 2, what is 111 + -1001110111110001?
-1001110111101010
In base 15, what is -93 + 16?
-7c
In base 5, what is 13442 - 2023?
11414
In base 2, what is -11011 + -10100101011?
-10101000110
In base 6, what is 20 - 3332200?
-3332140
In base 2, what is -10 + 10111001110111110?
10111001110111100
In base 8, what is 5125 + 5?
5132
In base 2, what is -101 + 110011111000000?
110011110111011
In base 11, what is 106a + 85?
1144
In base 15, what is 307 - c16?
-90e
In base 4, what is -10112 - -23?
-10023
In base 12, what is -2b24 - -2?
-2b22
In base 7, what is -3 + 5135?
5132
In base 12, what is -3 + -157b1?
-157b4
In base 2, what is -101 - -1100111100?
1100110111
In base 3, what is -12112102201 - -1?
-12112102200
In base 2, what is -10011 + 111001100100101?
111001100010010
In base 13, what is 5 + 2b83?
2b88
In base 5, what is -2 + -220330140?
-220330142
In base 2, what is 0 + -110010001111111100100?
-110010001111111100100
In base 16, what is 262 + -5e?
204
In base 2, what is 1101010000 - -1010111111?
11000001111
In base 10, what is -7 - -58962?
58955
In base 11, what is -2 - 104956?
-104958
In base 5, what is 334 + 2044240?
2100124
In base 14, what is 31b5 - -a?
31c1
In base 9, what is -327 - 1258?
-1586
In base 16, what is -1d2 + 68?
-16a
In base 9, what is -16602230 + 4?
-16602225
In base 15, what is 10d86d5 + 3?
10d86d8
In base 2, what is 0 + 110000011101?
110000011101
In base 15, what is 28 - -34bd?
34e6
In base 9, what is 301 - 340?
-38
In base 9, what is 0 + -70263?
-70263
In base 11, what is -2311 + 1?
-2310
In base 12, what is 1aa + -582?
-394
In base 3, what is 200022122 + 10?
200022202
In base 16, what is dc9 + 2a3?
106c
In base 4, what is 1112122 + 23?
1112211
In base 8, what is 142015 - -3?
142020
In base 3, what is -10001201112 + 0?
-10001201112
In base 15, what is -9612 + -a?
-961c
In base 4, what is -20132 + -23133?
-103331
In base 2, what is 11001001110 - 10?
11001001100
In base 5, what is -40424 + -2021?
-43000
In base 6, what is -545041 + 14?
-545023
In base 11, what is 4837a6 + 5?
483800
In base 5, what is -3132 + 20242?
12110
In base 10, what is 596 + 18?
614
In base 9, what is -650 - 2234?
-2884
In base 14, what is -24 - -1a5?
181
In base 7, what is -356 - 623?
-1312
In base 16, what is 3 - 9c42?
-9c3f
In base 3, what is -2121022 - 10020?
-2201112
In base 4, what is 23232 + -200331?
-111033
In base 8, what is 31 + 2413?
2444
In base 5, what is 3 - 2420004?
-2420001
In base 13, what is cc32 + -b?
cc24
In base 4, what is 30 + 1003300?
1003330
In base 13, what is -44a9 - 3?
-44ac
In base 9, what is -5415 - -320?
-5085
In base 3, what is 1021022 + -1001?
1020021
In base 15, what is -185 - 1797?
-192c
In base 6, what is -151241 - 25?
-151310
In base 12, what is -417b38 + -2?
-417b3a
In base 16, what is -121 - -65?
-bc
In base 14, what is c07d + 4?
c083
In base 15, what is 2436 - 75?
23b1
In base 4, what is 1122333 + -3123?
1113210
In base 16, what is 2 + fcfb?
fcfd
In base 4, what is -1223021123 + 3?
-1223021120
In base 11, what is -136 + -45?
-180
In base 9, what is 488 - -2?
501
In base 6, what is 1545441 + 2?
1545443
In base 9, what is 234 - 1170?
-835
In base 10, what is -962 + 2?
-960
In base 10, what is -52 + 4938?
4886
In base 12, what is -2 - 14438?
-1443a
In base 16, what is -206e + -1?
-206f
In base 3, what is -11 + -1101111212?
-1101112000
In base 2, what is 101100010101110010101 - -101?
101100010101110011010
In base 7, what is -55635 - -2?
-55633
In base 7, what is 41151 - -56?
41240
In base 14, what is -b - 5b?
-68
In base 14, what is 3 - 1d8d42?
-1d8d3d
In base 13, what is 6c5a8 + -3?
6c5a5
In base 14, what is 3 + ca86?
ca89
In base 12, what is -16a - 404a?
-41b8
In base 6, what is -2 + -31254315?
-31254321
In base 7, what is -421152 - 2?
-421154
In base 10, what is -335233 + 0?
-335233
In base 10, what is 314594 - 1?
314593
In base 13, what is -21774 - 2?
-21776
In base 15, what is 0 + -364d?
-364d
In base 15, what is -5e2 + 4d?
-594
In base 13, what is -35 - 3679?
-36b1
In base 2, what is -11110 - -11000000111?
10111101001
In base 3, what is 2102 + 200?
10002
In base 4, what is -1023 + -3211301?
-3212330
In base 15, what is -175e - 4b?
-17aa
In base 5, what is -1222121 - 4?
-1222130
In base 14, what is 14 - bc3b?
-bc27
In base 11, what is -50600 + -2?
-50602
In base 8, what is 466424 - -2?
466426
In base 5, what is -144404 + -24?
-144433
In base 13, what is 3c4 + -23a?
187
In base 12, what is -273 + -597?
-84a
In base 14, what is -2d + -8c?
-bb
In base 10, what is -28434 - -3?
-28431
In base 5, what is -1101 + 22232?
21131
In base 13, what is -539c + 35?
-5367
In base 15, what is a - -4252b?
42536
In base 16, what is -297f3 + -a?
-297fd
In base 16, what is b4 + 250?
304
In base 9, what is 147721 + 20?
147741
In base 14, what is -4 - -44027?
44023
In base 13, what is 23 + -411?
-3bb
In base 3, what is 1011 - 1002012?
-1001001
In base 9, what is -85538 - -2?
-85536
In base 16, what is 1 + -13a939?
-13a938
In base 3, what is -2110201222 - 10110?
-2110212102
In base 10, what is -184827 - -2?
-184825
In base 7, what is -24430 - -324?
-24103
In base 10, what is -332 - 6?
-338
In base 16, what is 2 - -16693c?
16693e
In base 4, what is 11231 - -1202132?
1220023
In base 5, what is 110421413 + -14?
110421344
In base 6, what is -13 + -24030?
-24043
In base 6, what is -15 - 2252432?
-2252451
In base 13, what is 14 + -1a5?
-191
In base 3, what is 10222212201 - -1?
10222212202
In base 16, what is 48d1 + 57?
4928
In base 5, what is -102112 - 3144?
-110311
In base 15, what is -a - bab?
-bb6
In base 16, what is -2c + -1e2c?
-1e58
In base 6, what is -110511 - -32?
-110435
In base 13, what is 3b99 - -30c?
41a8
In base 6, what is -351 + 330?
-21
In base 9, what is -62 + 1128?
1056
In base 8, what is -14335 - -1?
-14334
In base 4, what is -2212 - 31?
-2303
In base 7, what is 435036 + 0?
435036
In base 16, what is -10 - 346c0?
-346d0
In base 4, what is 333123 - 203?
332320
In base 16, what is 3 + 99b9?
99bc
In base 10, what is 2 - -859380?
859382
In base 9, what is -3280 + -532?
-3822
In base 9, what is -24 + -36?
-61
In base 8, what is -1632 + 157?
-1453
In base 15, what is -23912 - 3?
-23915
In base 6, what is -411244 + -22?
-411310
In base 7, what is 105441 + -3?
105435
In base 16, what is -5d + -4351?
-43ae
In base 3, what is -1 + -1002100020?
-1002100021
In base 9, what is -878365 - -2?
-878363
In base 12, what is -242b12 + -1?
-242b13
In base 10, what is 5 - -11307?
11312
In base 8, what is -26 + -132?
-160
In base 14, what is -687 - 18?
-6a1
In base 8, what is -3 - 4067?
-4072
In base 7, what is 20056 - 14?
20042
In base 14, what is 10a524 + -2?
10a522
In base 10, what is 15316 - -4?
15320
In base 13, what is 11abab + -13?
11ab98
In base 15, what is 111e13 - 0?
111e13
In base 16, what is 6fbd + -36?
6f87
In base 5, what is -30020 + -12?
-30032
In base 7, what is -6460 - 21?
-6511
In base 6, what is -2130 - 2?
-2132
In base 10, what is 544098 - 4?
544094
In base 11, what is -1 + -3a1?
-3a2
In base 4, what is 0 - 2110213?
-2110213
In base 4, what is -1202123310 - -2?
-1202123302
In base 2, what is 1101011101000 + -100111?
1101011000001
In base 6, what is 40030 - -40?
40110
In base 8, what is 0 - -21726?
21726
In base 8, what is -3603 + 10?
-3573
In base 3, what is 1222211 + -120022?
1102112
In base 11, what is 195 - -9a53?
a138
In base 13, what is -1c - 664?
-683
In base 4, what is -222002 + 21?
-221321
In base 16, what is -2a1c - 3?
-2a1f
In base 10, what is -41 + -2478?
-2519
In base 10, what is 0 - 112562?
-112562
In base 9, what is 7 + -2088?
-2081
In base 11, wh